{"id":9818,"date":"2025-08-11T08:44:07","date_gmt":"2025-08-11T11:44:07","guid":{"rendered":"https:\/\/coromandel.mg.gov.br\/novo\/?page_id=9818"},"modified":"2025-08-11T08:52:51","modified_gmt":"2025-08-11T11:52:51","slug":"mapa-site","status":"publish","type":"page","link":"https:\/\/coromandel.mg.gov.br\/novo\/mapa-site\/","title":{"rendered":"Mapa Site"},"content":{"rendered":"\t\t<div data-elementor-type=\"wp-page\" data-elementor-id=\"9818\" class=\"elementor elementor-9818\" data-elementor-post-type=\"page\">\n\t\t\t\t\t\t<section class=\"elementor-section elementor-top-section elementor-element elementor-element-d479aa1 elementor-section-boxed elementor-section-height-default elementor-section-height-default\" data-id=\"d479aa1\" data-element_type=\"section\" data-e-type=\"section\">\n\t\t\t\t\t\t<div class=\"elementor-container elementor-column-gap-default\">\n\t\t\t\t\t<div class=\"elementor-column elementor-col-100 elementor-top-column elementor-element elementor-element-3e79195\" data-id=\"3e79195\" data-element_type=\"column\" data-e-type=\"column\">\n\t\t\t<div class=\"elementor-widget-wrap elementor-element-populated\">\n\t\t\t\t\t\t<div class=\"elementor-element elementor-element-6575154 elementor-widget elementor-widget-heading\" data-id=\"6575154\" data-element_type=\"widget\" data-e-type=\"widget\" data-widget_type=\"heading.default\">\n\t\t\t\t<div class=\"elementor-widget-container\">\n\t\t\t\t\t<h2 class=\"elementor-heading-title elementor-size-default\">Mapa do Site<\/h2>\t\t\t\t<\/div>\n\t\t\t\t<\/div>\n\t\t\t\t<div class=\"elementor-element elementor-element-885fae6 elementor-widget elementor-widget-heading\" data-id=\"885fae6\" data-element_type=\"widget\" data-e-type=\"widget\" data-widget_type=\"heading.default\">\n\t\t\t\t<div class=\"elementor-widget-container\">\n\t\t\t\t\t<h2 class=\"elementor-heading-title elementor-size-default\">Menu Principal<\/h2>\t\t\t\t<\/div>\n\t\t\t\t<\/div>\n\t\t\t\t<div class=\"elementor-element elementor-element-145594a elementor-widget-divider--view-line elementor-widget elementor-widget-divider\" data-id=\"145594a\" data-element_type=\"widget\" data-e-type=\"widget\" data-widget_type=\"divider.default\">\n\t\t\t\t<div class=\"elementor-widget-container\">\n\t\t\t\t\t\t\t<div class=\"elementor-divider\">\n\t\t\t<span class=\"elementor-divider-separator\">\n\t\t\t\t\t\t<\/span>\n\t\t<\/div>\n\t\t\t\t\t\t<\/div>\n\t\t\t\t<\/div>\n\t\t\t\t<div class=\"elementor-element elementor-element-4a5dad0 elementor-widget elementor-widget-text-editor\" data-id=\"4a5dad0\" data-element_type=\"widget\" data-e-type=\"widget\" data-widget_type=\"text-editor.default\">\n\t\t\t\t<div class=\"elementor-widget-container\">\n\t\t\t\t\t\t\t\t\t<p><strong>Governo<\/strong><\/p><ul><li><a href=\"https:\/\/coromandel.mg.gov.br\/novo\/wp-content\/uploads\/2025\/05\/ORGANOGRAMA.pdf\">Estrutura Organizacional<\/a><\/li><li><a href=\"https:\/\/coromandel.mg.gov.br\/novo\/o-prefeito\/\">Prefeito<\/a><\/li><li><a href=\"https:\/\/coromandel.mg.gov.br\/novo\/o-vice-prefeito\/\">Vice-prefeito<\/a><\/li><li><a href=\"https:\/\/coromandel.mg.gov.br\/novo\/secretarias\/\">Gest\u00e3o<\/a><\/li><\/ul><p><strong>Transpar\u00eancia<\/strong><\/p><ul><li><a href=\"https:\/\/transparencia.coromandel.mg.gov.br\/#\/transparencia\">Portal da Transpar\u00eancia<\/a><\/li><li><a href=\"https:\/\/coromandel.mg.gov.br\/novo\/transparencia-covid-19\/\">Transpar\u00eancia Covid-19<\/a><\/li><li><a href=\"https:\/\/coromandel.mg.gov.br\/novo\/parcerias-mrosc\/\">Parcerias &#8211; MROSC<\/a><\/li><li><a href=\"https:\/\/coromandel.mg.gov.br\/novo\/sem-categoria\/2024\/05\/16\/parcerias-publico-privadas-ppp\/\">Parcerias P\u00fablico Privadas &#8211; PPPs<\/a><\/li><\/ul><p><strong><a href=\"https:\/\/coromandel.mg.gov.br\/novo\/licitacoes\">Licita\u00e7\u00f5es<\/a><\/strong><\/p><ul><li><a href=\"http:\/\/www.dardani.com.br\/tempdownload\/SetupCotacaoItens.rar\">Proposta Digital<\/a><\/li><\/ul><p><strong>Lei Aldir Blanc<\/strong><\/p><ul><li><a href=\"https:\/\/coromandel.mg.gov.br\/novo\/wp-content\/uploads\/2021\/08\/Decreto-no-335-de-02-de-Agosto-de-2021.pdf\">Decreto Municipal<\/a><\/li><li><a href=\"https:\/\/coromandel.mg.gov.br\/novo\/lei-aldir-blanc-editais-e-anexos\/\">Editais e Anexos<\/a><\/li><li><a href=\"https:\/\/docs.google.com\/forms\/d\/e\/1FAIpQLSeRFkLAYguWVyPUeV5_Mbeyfa_mN3EgUweV7cpPPBMwWxB5_Q\/viewform?usp=sf_link\">Cadastro Pessoa F\u00edsica<\/a><\/li><li><a href=\"https:\/\/docs.google.com\/forms\/d\/e\/1FAIpQLSfRPGZ_Zsi8B72x9Ydanc6nm1NQmI-Yee5ZWz76zqHw09RyNg\/viewform?usp=sf_link\">Cadastro Pessoa Jur\u00eddica<\/a><\/li><\/ul><p><a href=\"https:\/\/coromandel.mg.gov.br\/novo\/publicacoes\/2023\/10\/26\/lei-paulo-gustavo-prefeitura-divulga-editais\/\">Lei Paulo Gustavo<\/a><\/p>\t\t\t\t\t\t\t\t<\/div>\n\t\t\t\t<\/div>\n\t\t\t\t<div class=\"elementor-element elementor-element-91c8ce8 elementor-widget elementor-widget-heading\" data-id=\"91c8ce8\" data-element_type=\"widget\" data-e-type=\"widget\" data-widget_type=\"heading.default\">\n\t\t\t\t<div class=\"elementor-widget-container\">\n\t\t\t\t\t<h2 class=\"elementor-heading-title elementor-size-default\">Servi\u00e7os<\/h2>\t\t\t\t<\/div>\n\t\t\t\t<\/div>\n\t\t\t\t<div class=\"elementor-element elementor-element-7e140b2 elementor-widget-divider--view-line elementor-widget elementor-widget-divider\" data-id=\"7e140b2\" data-element_type=\"widget\" data-e-type=\"widget\" data-widget_type=\"divider.default\">\n\t\t\t\t<div class=\"elementor-widget-container\">\n\t\t\t\t\t\t\t<div class=\"elementor-divider\">\n\t\t\t<span class=\"elementor-divider-separator\">\n\t\t\t\t\t\t<\/span>\n\t\t<\/div>\n\t\t\t\t\t\t<\/div>\n\t\t\t\t<\/div>\n\t\t\t\t<div class=\"elementor-element elementor-element-c39e3c4 elementor-widget elementor-widget-text-editor\" data-id=\"c39e3c4\" data-element_type=\"widget\" data-e-type=\"widget\" data-widget_type=\"text-editor.default\">\n\t\t\t\t<div class=\"elementor-widget-container\">\n\t\t\t\t\t\t\t\t\t<ul><li><a href=\"https:\/\/www.nfse.gov.br\/emissornacional\">Emiss\u00e3o NFS-e<\/a><\/li><li><a href=\"https:\/\/nfse.coromandel.mg.gov.br\/\">Portal do Contribuinte<\/a><\/li><li><a href=\"https:\/\/transparencia.coromandel.mg.gov.br\/#\/transparencia\">Transpar\u00eancia<\/a><\/li><li><a href=\"https:\/\/coromandel.mg.gov.br\/novo\/licitacoes\/\">Licita\u00e7\u00e3o<\/a><\/li><li><a href=\"https:\/\/coromandel.mg.gov.br\/novo\/meio-ambiente\/\">Meio Ambiente<\/a><\/li><li><a href=\"https:\/\/coromandel.mg.gov.br\/novo\/2022\/01\/06\/imprensa-oficial-do-municipio-2022\/\">Imprensa Oficial<\/a><\/li><li><a href=\"https:\/\/coromandel.mg.gov.br\/novo\/sala-mineira-do-empreendedor\/\">Sala Mineira do Empreendedor<\/a><\/li><li><a href=\"https:\/\/leismunicipais.com.br\/prefeitura\/mg\/coromandel\">Legisla\u00e7\u00e3o<\/a><\/li><li><a href=\"https:\/\/coromandel.mg.gov.br\/novo\/publicacoes\/2024\/05\/28\/correios-consulte-os-novos-ceps-de-coromandel\/\">CEP &#8211; Correios\u00a0<\/a><\/li><li><a href=\"https:\/\/servidor.coromandel.mg.gov.br\/servidor\">Portal do Servidor<\/a><\/li><li><a href=\"http:\/\/sistemasonline.coromandel.mg.gov.br:8098\/\">Certid\u00e3o de Valor Venal<\/a><\/li><li><a href=\"http:\/\/sistemasonline.coromandel.mg.gov.br:8097\/\">Certid\u00e3o Tribut\u00e1ria e Fiscal<\/a><\/li><li><a href=\"https:\/\/coromandel.mg.gov.br\/novo\/chamamentos-publicos\/\">Chamamento P\u00fablico<\/a><\/li><li><a href=\"https:\/\/coromandel.mg.gov.br\/novo\/2024\/05\/16\/parcerias-publico-privadas-ppp\/\">Parceria P\u00fablico Privada &#8211; PPP<\/a><\/li><li><a href=\"https:\/\/coromandel.mg.gov.br\/novo\/wp-content\/uploads\/2023\/06\/doc26870420230529155251.pdf\">RREO<\/a><\/li><li><a href=\"https:\/\/coromandel.mg.gov.br\/novo\/transparencia-covid-19\/\">Transpar\u00eancia Covid-19<\/a><\/li><li><a href=\"https:\/\/coromandel.mg.gov.br\/novo\/publicacoes\/2023\/10\/26\/lei-paulo-gustavo-prefeitura-divulga-editais\/\">Lei Paulo Gustavo<\/a><\/li><li><div class=\"elementor-element elementor-element-294b6f1 elementor-view-default elementor-widget elementor-widget-icon\" data-id=\"294b6f1\" data-element_type=\"widget\" data-widget_type=\"icon.default\">\u00a0<\/div><p><a href=\"https:\/\/coromandel.mg.gov.br\/novo\/wp-content\/uploads\/2022\/11\/Res-002-de-28-outubro-2022.pdf\">Resolu\u00e7\u00e3o GMTEC 02 de 2022<\/a><\/p><\/li><li><a href=\"https:\/\/coromandel.mg.gov.br\/novo\/wp-content\/uploads\/2024\/11\/Res-GMECT-no-001-2024-publicada.pdf\">Resolu\u00e7\u00e3o GMTEC 01 de 2024<\/a><\/li><li><a href=\"https:\/\/radardatransparencia.com\/\">Radar da Transpar\u00eancia<\/a><\/li><li><a href=\"https:\/\/coromandel.mg.gov.br\/novo\/ouvidoria\/\">Ouvidoria<\/a><\/li><li><a href=\"https:\/\/falabr.cgu.gov.br\/web\/home\">e-SIC<\/a><\/li><\/ul>\t\t\t\t\t\t\t\t<\/div>\n\t\t\t\t<\/div>\n\t\t\t\t\t<\/div>\n\t\t<\/div>\n\t\t\t\t\t<\/div>\n\t\t<\/section>\n\t\t\t\t<\/div>\n\t\t","protected":false},"excerpt":{"rendered":"<p>Mapa do Site Menu Principal Governo Estrutura Organizacional Prefeito Vice-prefeito Gest\u00e3o Transpar\u00eancia Portal da Transpar\u00eancia Transpar\u00eancia Covid-19 Parcerias &#8211; MROSC Parcerias P\u00fablico Privadas &#8211; PPPs Licita\u00e7\u00f5es Proposta Digital Lei Aldir Blanc Decreto Municipal Editais e Anexos Cadastro Pessoa F\u00edsica Cadastro Pessoa Jur\u00eddica Lei Paulo Gustavo Servi\u00e7os Emiss\u00e3o NFS-e Portal do Contribuinte Transpar\u00eancia Licita\u00e7\u00e3o Meio Ambiente [&hellip;]<\/p>\n","protected":false},"author":5,"featured_media":0,"parent":0,"menu_order":0,"comment_status":"closed","ping_status":"closed","template":"","meta":{"_acf_changed":false,"footnotes":""},"class_list":["post-9818","page","type-page","status-publish","hentry"],"acf":[],"_links":{"self":[{"href":"https:\/\/coromandel.mg.gov.br\/novo\/wp-json\/wp\/v2\/pages\/9818","targetHints":{"allow":["GET"]}}],"collection":[{"href":"https:\/\/coromandel.mg.gov.br\/novo\/wp-json\/wp\/v2\/pages"}],"about":[{"href":"https:\/\/coromandel.mg.gov.br\/novo\/wp-json\/wp\/v2\/types\/page"}],"author":[{"embeddable":true,"href":"https:\/\/coromandel.mg.gov.br\/novo\/wp-json\/wp\/v2\/users\/5"}],"replies":[{"embeddable":true,"href":"https:\/\/coromandel.mg.gov.br\/novo\/wp-json\/wp\/v2\/comments?post=9818"}],"version-history":[{"count":3,"href":"https:\/\/coromandel.mg.gov.br\/novo\/wp-json\/wp\/v2\/pages\/9818\/revisions"}],"predecessor-version":[{"id":9821,"href":"https:\/\/coromandel.mg.gov.br\/novo\/wp-json\/wp\/v2\/pages\/9818\/revisions\/9821"}],"wp:attachment":[{"href":"https:\/\/coromandel.mg.gov.br\/novo\/wp-json\/wp\/v2\/media?parent=9818"}],"curies":[{"name":"wp","href":"https:\/\/api.w.org\/{rel}","templated":true}]}}