{"id":9209,"date":"2025-08-09T20:00:44","date_gmt":"2025-08-09T23:00:44","guid":{"rendered":"https:\/\/coromandel.mg.gov.br\/novo\/?page_id=9209"},"modified":"2025-08-09T21:13:21","modified_gmt":"2025-08-10T00:13:21","slug":"ouvidoria","status":"publish","type":"page","link":"https:\/\/coromandel.mg.gov.br\/novo\/ouvidoria\/","title":{"rendered":"Ouvidoria"},"content":{"rendered":"\t\t<div data-elementor-type=\"wp-page\" data-elementor-id=\"9209\" class=\"elementor elementor-9209\" data-elementor-post-type=\"page\">\n\t\t\t\t\t\t<section class=\"elementor-section elementor-top-section elementor-element elementor-element-22b01e5 elementor-section-boxed elementor-section-height-default elementor-section-height-default\" data-id=\"22b01e5\" data-element_type=\"section\" data-e-type=\"section\">\n\t\t\t\t\t\t<div class=\"elementor-container elementor-column-gap-default\">\n\t\t\t\t\t<div class=\"elementor-column elementor-col-100 elementor-top-column elementor-element elementor-element-c1411b3\" data-id=\"c1411b3\" data-element_type=\"column\" data-e-type=\"column\">\n\t\t\t<div class=\"elementor-widget-wrap elementor-element-populated\">\n\t\t\t\t\t\t<div class=\"elementor-element elementor-element-eab41ae elementor-widget elementor-widget-heading\" data-id=\"eab41ae\" data-element_type=\"widget\" data-e-type=\"widget\" data-widget_type=\"heading.default\">\n\t\t\t\t<div class=\"elementor-widget-container\">\n\t\t\t\t\t<h2 class=\"elementor-heading-title elementor-size-default\">Ouvidoria<\/h2>\t\t\t\t<\/div>\n\t\t\t\t<\/div>\n\t\t\t\t<section class=\"elementor-section elementor-inner-section elementor-element elementor-element-a55ecec elementor-section-boxed elementor-section-height-default elementor-section-height-default\" data-id=\"a55ecec\" data-element_type=\"section\" data-e-type=\"section\">\n\t\t\t\t\t\t<div class=\"elementor-container elementor-column-gap-default\">\n\t\t\t\t\t<div class=\"elementor-column elementor-col-50 elementor-inner-column elementor-element elementor-element-11668b2\" data-id=\"11668b2\" data-element_type=\"column\" data-e-type=\"column\">\n\t\t\t<div class=\"elementor-widget-wrap elementor-element-populated\">\n\t\t\t\t\t\t<div class=\"elementor-element elementor-element-2bf4c87 elementor-widget elementor-widget-heading\" data-id=\"2bf4c87\" data-element_type=\"widget\" data-e-type=\"widget\" data-widget_type=\"heading.default\">\n\t\t\t\t<div class=\"elementor-widget-container\">\n\t\t\t\t\t<h2 class=\"elementor-heading-title elementor-size-default\">Presencial<\/h2>\t\t\t\t<\/div>\n\t\t\t\t<\/div>\n\t\t\t\t<div class=\"elementor-element elementor-element-10d389b elementor-widget elementor-widget-text-editor\" data-id=\"10d389b\" data-element_type=\"widget\" data-e-type=\"widget\" data-widget_type=\"text-editor.default\">\n\t\t\t\t<div class=\"elementor-widget-container\">\n\t\t\t\t\t\t\t\t\t<p><strong>Ouvidoria-Geral do Munic\u00edpio<\/strong><\/p><p>Ouvidora-Geral \u2013 <br \/>ouvidoria@coromandel.mg.gov.br<br \/>(34) 3841-1344<\/p><p><strong>Endere\u00e7o<\/strong><\/p><p>Rua Artur Bernardes, 170 &#8211; Centro\u00a0<\/p><p><strong>Hor\u00e1rio de Atendimento<\/strong><\/p><p>De segunda a sexta-feira <br \/>Das 8h \u00e0s 12h e das 13h \u00e0s 17h<\/p>\t\t\t\t\t\t\t\t<\/div>\n\t\t\t\t<\/div>\n\t\t\t\t\t<\/div>\n\t\t<\/div>\n\t\t\t\t<div class=\"elementor-column elementor-col-50 elementor-inner-column elementor-element elementor-element-442ce64\" data-id=\"442ce64\" data-element_type=\"column\" data-e-type=\"column\">\n\t\t\t<div class=\"elementor-widget-wrap elementor-element-populated\">\n\t\t\t\t\t\t<div class=\"elementor-element elementor-element-a2ff8c2 elementor-widget elementor-widget-heading\" data-id=\"a2ff8c2\" data-element_type=\"widget\" data-e-type=\"widget\" data-widget_type=\"heading.default\">\n\t\t\t\t<div class=\"elementor-widget-container\">\n\t\t\t\t\t<h2 class=\"elementor-heading-title elementor-size-default\">Virtual<\/h2>\t\t\t\t<\/div>\n\t\t\t\t<\/div>\n\t\t\t\t<div class=\"elementor-element elementor-element-98fbf2c elementor-button-align-stretch elementor-widget elementor-widget-form\" data-id=\"98fbf2c\" data-element_type=\"widget\" data-e-type=\"widget\" data-settings=\"{&quot;step_next_label&quot;:&quot;Pr\\u00f3ximo&quot;,&quot;step_previous_label&quot;:&quot;Anterior&quot;,&quot;button_width&quot;:&quot;100&quot;,&quot;step_type&quot;:&quot;number_text&quot;,&quot;step_icon_shape&quot;:&quot;circle&quot;}\" data-widget_type=\"form.default\">\n\t\t\t\t<div class=\"elementor-widget-container\">\n\t\t\t\t\t\t\t<form class=\"elementor-form\" method=\"post\" name=\"Ouvidoria\" aria-label=\"Ouvidoria\">\n\t\t\t<input type=\"hidden\" name=\"post_id\" value=\"9209\"\/>\n\t\t\t<input type=\"hidden\" name=\"form_id\" value=\"98fbf2c\"\/>\n\t\t\t<input type=\"hidden\" name=\"referer_title\" value=\"Ouvidoria\" \/>\n\n\t\t\t\t\t\t\t<input type=\"hidden\" name=\"queried_id\" value=\"9209\"\/>\n\t\t\t\n\t\t\t<div class=\"elementor-form-fields-wrapper elementor-labels-above\">\n\t\t\t\t\t\t\t\t<div class=\"elementor-field-type-text elementor-field-group elementor-column elementor-field-group-name elementor-col-100 elementor-field-required\">\n\t\t\t\t\t\t\t\t\t\t\t\t<label for=\"form-field-name\" class=\"elementor-field-label\">\n\t\t\t\t\t\t\t\tNome completo\t\t\t\t\t\t\t<\/label>\n\t\t\t\t\t\t\t\t\t\t\t\t\t\t<input size=\"1\" type=\"text\" name=\"form_fields[name]\" id=\"form-field-name\" class=\"elementor-field elementor-size-sm  elementor-field-textual\" placeholder=\"Nome\" required=\"required\">\n\t\t\t\t\t\t\t\t\t\t\t<\/div>\n\t\t\t\t\t\t\t\t<div class=\"elementor-field-type-email elementor-field-group elementor-column elementor-field-group-email elementor-col-100 elementor-field-required\">\n\t\t\t\t\t\t\t\t\t\t\t\t<label for=\"form-field-email\" class=\"elementor-field-label\">\n\t\t\t\t\t\t\t\tE-mail\t\t\t\t\t\t\t<\/label>\n\t\t\t\t\t\t\t\t\t\t\t\t\t\t<input size=\"1\" type=\"email\" name=\"form_fields[email]\" id=\"form-field-email\" class=\"elementor-field elementor-size-sm  elementor-field-textual\" placeholder=\"E-mail\" required=\"required\">\n\t\t\t\t\t\t\t\t\t\t\t<\/div>\n\t\t\t\t\t\t\t\t<div class=\"elementor-field-type-select elementor-field-group elementor-column elementor-field-group-field_93ce130 elementor-col-100\">\n\t\t\t\t\t\t\t\t\t\t\t\t<label for=\"form-field-field_93ce130\" class=\"elementor-field-label\">\n\t\t\t\t\t\t\t\tTipo de Manifesta\u00e7\u00e3o\t\t\t\t\t\t\t<\/label>\n\t\t\t\t\t\t\t\t<div class=\"elementor-field elementor-select-wrapper remove-before \">\n\t\t\t<div class=\"select-caret-down-wrapper\">\n\t\t\t\t<i aria-hidden=\"true\" class=\"eicon-caret-down\"><\/i>\t\t\t<\/div>\n\t\t\t<select name=\"form_fields[field_93ce130]\" id=\"form-field-field_93ce130\" class=\"elementor-field-textual elementor-size-sm\">\n\t\t\t\t\t\t\t\t\t<option value=\"Den\u00fancia\">Den\u00fancia<\/option>\n\t\t\t\t\t\t\t\t\t<option value=\"Reclama\u00e7\u00e3o\">Reclama\u00e7\u00e3o<\/option>\n\t\t\t\t\t\t\t\t\t<option value=\"Sugest\u00e3o\">Sugest\u00e3o<\/option>\n\t\t\t\t\t\t\t\t\t<option value=\"Elogio\">Elogio<\/option>\n\t\t\t\t\t\t\t\t\t<option value=\"Solicita\u00e7\u00e3o de Informa\u00e7\u00e3o\">Solicita\u00e7\u00e3o de Informa\u00e7\u00e3o<\/option>\n\t\t\t\t\t\t\t<\/select>\n\t\t<\/div>\n\t\t\t\t\t\t<\/div>\n\t\t\t\t\t\t\t\t<div class=\"elementor-field-type-select elementor-field-group elementor-column elementor-field-group-field_6057972 elementor-col-100\">\n\t\t\t\t\t\t\t\t\t\t\t\t<label for=\"form-field-field_6057972\" class=\"elementor-field-label\">\n\t\t\t\t\t\t\t\tSetor relacionado\t\t\t\t\t\t\t<\/label>\n\t\t\t\t\t\t\t\t<div class=\"elementor-field elementor-select-wrapper remove-before \">\n\t\t\t<div class=\"select-caret-down-wrapper\">\n\t\t\t\t<i aria-hidden=\"true\" class=\"eicon-caret-down\"><\/i>\t\t\t<\/div>\n\t\t\t<select name=\"form_fields[field_6057972]\" id=\"form-field-field_6057972\" class=\"elementor-field-textual elementor-size-sm\">\n\t\t\t\t\t\t\t\t\t<option value=\"Sa\u00fade\">Sa\u00fade<\/option>\n\t\t\t\t\t\t\t\t\t<option value=\"Obras\">Obras<\/option>\n\t\t\t\t\t\t\t\t\t<option value=\"Agroneg\u00f3cio\">Agroneg\u00f3cio<\/option>\n\t\t\t\t\t\t\t\t\t<option value=\"Inclus\u00e3o Social\">Inclus\u00e3o Social<\/option>\n\t\t\t\t\t\t\t\t\t<option value=\"Educa\u00e7\u00e3o\">Educa\u00e7\u00e3o<\/option>\n\t\t\t\t\t\t\t\t\t<option value=\"Cultura\">Cultura<\/option>\n\t\t\t\t\t\t\t\t\t<option value=\"Turismo\">Turismo<\/option>\n\t\t\t\t\t\t\t\t\t<option value=\"Infraestrutura Rural\">Infraestrutura Rural<\/option>\n\t\t\t\t\t\t\t\t\t<option value=\"Meio Ambiente\">Meio Ambiente<\/option>\n\t\t\t\t\t\t\t\t\t<option value=\"Esporte\">Esporte<\/option>\n\t\t\t\t\t\t\t\t\t<option value=\"Mobilidade \">Mobilidade <\/option>\n\t\t\t\t\t\t\t\t\t<option value=\"Seguran\u00e7a P\u00fablica\">Seguran\u00e7a P\u00fablica<\/option>\n\t\t\t\t\t\t\t\t\t<option value=\"Juventude\">Juventude<\/option>\n\t\t\t\t\t\t\t\t\t<option value=\"Inova\u00e7\u00e3o\">Inova\u00e7\u00e3o<\/option>\n\t\t\t\t\t\t\t\t\t<option value=\"Finan\u00e7as\">Finan\u00e7as<\/option>\n\t\t\t\t\t\t\t<\/select>\n\t\t<\/div>\n\t\t\t\t\t\t<\/div>\n\t\t\t\t\t\t\t\t<div class=\"elementor-field-type-textarea elementor-field-group elementor-column elementor-field-group-message elementor-col-100\">\n\t\t\t\t\t\t\t\t\t\t\t\t<label for=\"form-field-message\" class=\"elementor-field-label\">\n\t\t\t\t\t\t\t\tMensagem\t\t\t\t\t\t\t<\/label>\n\t\t\t\t\t\t<textarea class=\"elementor-field-textual elementor-field  elementor-size-sm\" name=\"form_fields[message]\" id=\"form-field-message\" rows=\"4\" placeholder=\"Mensagem\"><\/textarea>\t\t\t\t<\/div>\n\t\t\t\t\t\t\t\t<div class=\"elementor-field-type-acceptance elementor-field-group elementor-column elementor-field-group-field_67dab77 elementor-col-100 elementor-field-required\">\n\t\t\t\t\t\t\t<div class=\"elementor-field-subgroup\">\n\t\t\t<span class=\"elementor-field-option\">\n\t\t\t\t<input type=\"checkbox\" name=\"form_fields[field_67dab77]\" id=\"form-field-field_67dab77\" class=\"elementor-field elementor-size-sm  elementor-acceptance-field\" required=\"required\">\n\t\t\t\t<label for=\"form-field-field_67dab77\">Concordo com o tratamento dos meus dados pessoais conforme a LGPD *<\/label>\t\t\t<\/span>\n\t\t<\/div>\n\t\t\t\t\t\t<\/div>\n\t\t\t\t\t\t\t\t<div class=\"elementor-field-group elementor-column elementor-field-type-submit elementor-col-100 e-form__buttons\">\n\t\t\t\t\t<button class=\"elementor-button elementor-size-sm\" type=\"submit\">\n\t\t\t\t\t\t<span class=\"elementor-button-content-wrapper\">\n\t\t\t\t\t\t\t\t\t\t\t\t\t\t\t\t\t\t\t\t\t\t<span class=\"elementor-button-text\">Enviar<\/span>\n\t\t\t\t\t\t\t\t\t\t\t\t\t<\/span>\n\t\t\t\t\t<\/button>\n\t\t\t\t<\/div>\n\t\t\t<\/div>\n\t\t<\/form>\n\t\t\t\t\t\t<\/div>\n\t\t\t\t<\/div>\n\t\t\t\t\t<\/div>\n\t\t<\/div>\n\t\t\t\t\t<\/div>\n\t\t<\/section>\n\t\t\t\t\t<\/div>\n\t\t<\/div>\n\t\t\t\t\t<\/div>\n\t\t<\/section>\n\t\t\t\t<\/div>\n\t\t","protected":false},"excerpt":{"rendered":"<p>Ouvidoria Presencial Ouvidoria-Geral do Munic\u00edpio Ouvidora-Geral \u2013 ouvidoria@coromandel.mg.gov.br(34) 3841-1344 Endere\u00e7o Rua Artur Bernardes, 170 &#8211; Centro\u00a0 Hor\u00e1rio de Atendimento De segunda a sexta-feira Das 8h \u00e0s 12h e das 13h \u00e0s 17h Virtual<\/p>\n","protected":false},"author":5,"featured_media":0,"parent":0,"menu_order":0,"comment_status":"closed","ping_status":"closed","template":"","meta":{"_acf_changed":false,"footnotes":""},"class_list":["post-9209","page","type-page","status-publish","hentry"],"acf":[],"_links":{"self":[{"href":"https:\/\/coromandel.mg.gov.br\/novo\/wp-json\/wp\/v2\/pages\/9209","targetHints":{"allow":["GET"]}}],"collection":[{"href":"https:\/\/coromandel.mg.gov.br\/novo\/wp-json\/wp\/v2\/pages"}],"about":[{"href":"https:\/\/coromandel.mg.gov.br\/novo\/wp-json\/wp\/v2\/types\/page"}],"author":[{"embeddable":true,"href":"https:\/\/coromandel.mg.gov.br\/novo\/wp-json\/wp\/v2\/users\/5"}],"replies":[{"embeddable":true,"href":"https:\/\/coromandel.mg.gov.br\/novo\/wp-json\/wp\/v2\/comments?post=9209"}],"version-history":[{"count":15,"href":"https:\/\/coromandel.mg.gov.br\/novo\/wp-json\/wp\/v2\/pages\/9209\/revisions"}],"predecessor-version":[{"id":9793,"href":"https:\/\/coromandel.mg.gov.br\/novo\/wp-json\/wp\/v2\/pages\/9209\/revisions\/9793"}],"wp:attachment":[{"href":"https:\/\/coromandel.mg.gov.br\/novo\/wp-json\/wp\/v2\/media?parent=9209"}],"curies":[{"name":"wp","href":"https:\/\/api.w.org\/{rel}","templated":true}]}}