{"id":10370,"date":"2025-11-26T11:41:46","date_gmt":"2025-11-26T14:41:46","guid":{"rendered":"https:\/\/coromandel.mg.gov.br\/novo\/?page_id=10370"},"modified":"2025-11-26T11:41:46","modified_gmt":"2025-11-26T14:41:46","slug":"documentos-e-publicacoes-gestao-de-educacao-cultura-e-turismo","status":"publish","type":"page","link":"https:\/\/coromandel.mg.gov.br\/novo\/documentos-e-publicacoes-gestao-de-educacao-cultura-e-turismo\/","title":{"rendered":"Documentos e Publica\u00e7\u00f5es &#8211; Gest\u00e3o de Educa\u00e7\u00e3o, Cultura e Turismo"},"content":{"rendered":"\t\t<div data-elementor-type=\"wp-page\" data-elementor-id=\"10370\" class=\"elementor elementor-10370\" data-elementor-post-type=\"page\">\n\t\t\t\t\t\t<section class=\"elementor-section elementor-top-section elementor-element elementor-element-8c85a7b elementor-section-boxed elementor-section-height-default elementor-section-height-default\" data-id=\"8c85a7b\" data-element_type=\"section\" data-e-type=\"section\">\n\t\t\t\t\t\t<div class=\"elementor-container elementor-column-gap-default\">\n\t\t\t\t\t<div class=\"elementor-column elementor-col-100 elementor-top-column elementor-element elementor-element-a7607d8\" data-id=\"a7607d8\" data-element_type=\"column\" data-e-type=\"column\">\n\t\t\t<div class=\"elementor-widget-wrap elementor-element-populated\">\n\t\t\t\t\t\t<div class=\"elementor-element elementor-element-eb387ae elementor-widget elementor-widget-heading\" data-id=\"eb387ae\" data-element_type=\"widget\" data-e-type=\"widget\" data-widget_type=\"heading.default\">\n\t\t\t\t<div class=\"elementor-widget-container\">\n\t\t\t\t\t<h4 class=\"elementor-heading-title elementor-size-default\">Documentos e publica\u00e7\u00f5es<\/h4>\t\t\t\t<\/div>\n\t\t\t\t<\/div>\n\t\t\t\t<div class=\"elementor-element elementor-element-d05401e elementor-widget-divider--view-line elementor-widget elementor-widget-divider\" data-id=\"d05401e\" data-element_type=\"widget\" data-e-type=\"widget\" data-widget_type=\"divider.default\">\n\t\t\t\t<div class=\"elementor-widget-container\">\n\t\t\t\t\t\t\t<div class=\"elementor-divider\">\n\t\t\t<span class=\"elementor-divider-separator\">\n\t\t\t\t\t\t<\/span>\n\t\t<\/div>\n\t\t\t\t\t\t<\/div>\n\t\t\t\t<\/div>\n\t\t\t\t<div class=\"elementor-element elementor-element-f998228 elementor-widget elementor-widget-toggle\" data-id=\"f998228\" data-element_type=\"widget\" data-e-type=\"widget\" data-widget_type=\"toggle.default\">\n\t\t\t\t<div class=\"elementor-widget-container\">\n\t\t\t\t\t\t\t<div class=\"elementor-toggle\">\n\t\t\t\t\t\t\t<div class=\"elementor-toggle-item\">\n\t\t\t\t\t<div id=\"elementor-tab-title-2611\" class=\"elementor-tab-title\" data-tab=\"1\" role=\"button\" aria-controls=\"elementor-tab-content-2611\" aria-expanded=\"false\">\n\t\t\t\t\t\t\t\t\t\t\t\t<span class=\"elementor-toggle-icon elementor-toggle-icon-left\" aria-hidden=\"true\">\n\t\t\t\t\t\t\t\t\t\t\t\t\t\t\t<span class=\"elementor-toggle-icon-closed\"><i class=\"fas fa-caret-right\"><\/i><\/span>\n\t\t\t\t\t\t\t\t<span class=\"elementor-toggle-icon-opened\"><i class=\"elementor-toggle-icon-opened fas fa-caret-up\"><\/i><\/span>\n\t\t\t\t\t\t\t\t\t\t\t\t\t<\/span>\n\t\t\t\t\t\t\t\t\t\t\t\t<a class=\"elementor-toggle-title\" tabindex=\"0\">Publica\u00e7\u00f5es<\/a>\n\t\t\t\t\t<\/div>\n\n\t\t\t\t\t<div id=\"elementor-tab-content-2611\" class=\"elementor-tab-content elementor-clearfix\" data-tab=\"1\" role=\"region\" aria-labelledby=\"elementor-tab-title-2611\"><p><a href=\"https:\/\/coromandel.mg.gov.br\/novo\/wp-content\/uploads\/2025\/11\/RESOLUCAO-INSCRICAO-2026.pdf\">Resolu\u00e7\u00e3o &#8211; Inscri\u00e7\u00f5es 2026<\/a><\/p><p><a href=\"https:\/\/coromandel.mg.gov.br\/novo\/wp-content\/uploads\/2024\/11\/Res-GMECT-no-001-2024-publicada.pdf\">Resolu\u00e7\u00e3o GMECT n\u00ba 001 de 2024<\/a><\/p><p><a href=\"https:\/\/coromandel.mg.gov.br\/novo\/wp-content\/uploads\/2022\/11\/Res-002-de-28-outubro-2022.pdf\">Resolu\u00e7\u00e3o GMECT &#8211; 2022<\/a><\/p><p>\u00a0<\/p><\/div>\n\t\t\t\t<\/div>\n\t\t\t\t\t\t\t\t<\/div>\n\t\t\t\t\t\t<\/div>\n\t\t\t\t<\/div>\n\t\t\t\t\t<\/div>\n\t\t<\/div>\n\t\t\t\t\t<\/div>\n\t\t<\/section>\n\t\t\t\t<\/div>\n\t\t","protected":false},"excerpt":{"rendered":"<p>Documentos e publica\u00e7\u00f5es Publica\u00e7\u00f5es Resolu\u00e7\u00e3o \u2013 Inscri\u00e7\u00f5es 2026 Resolu\u00e7\u00e3o GMECT n\u00ba 001 de 2024 Resolu\u00e7\u00e3o GMECT \u2013 2022<\/p>\n","protected":false},"author":5,"featured_media":0,"parent":0,"menu_order":0,"comment_status":"closed","ping_status":"closed","template":"","meta":{"_acf_changed":false,"footnotes":""},"class_list":["post-10370","page","type-page","status-publish","hentry"],"acf":[],"_links":{"self":[{"href":"https:\/\/coromandel.mg.gov.br\/novo\/wp-json\/wp\/v2\/pages\/10370","targetHints":{"allow":["GET"]}}],"collection":[{"href":"https:\/\/coromandel.mg.gov.br\/novo\/wp-json\/wp\/v2\/pages"}],"about":[{"href":"https:\/\/coromandel.mg.gov.br\/novo\/wp-json\/wp\/v2\/types\/page"}],"author":[{"embeddable":true,"href":"https:\/\/coromandel.mg.gov.br\/novo\/wp-json\/wp\/v2\/users\/5"}],"replies":[{"embeddable":true,"href":"https:\/\/coromandel.mg.gov.br\/novo\/wp-json\/wp\/v2\/comments?post=10370"}],"version-history":[{"count":4,"href":"https:\/\/coromandel.mg.gov.br\/novo\/wp-json\/wp\/v2\/pages\/10370\/revisions"}],"predecessor-version":[{"id":10375,"href":"https:\/\/coromandel.mg.gov.br\/novo\/wp-json\/wp\/v2\/pages\/10370\/revisions\/10375"}],"wp:attachment":[{"href":"https:\/\/coromandel.mg.gov.br\/novo\/wp-json\/wp\/v2\/media?parent=10370"}],"curies":[{"name":"wp","href":"https:\/\/api.w.org\/{rel}","templated":true}]}}